{"id":50,"date":"2018-03-10T09:38:19","date_gmt":"2018-03-10T09:38:19","guid":{"rendered":"https:\/\/arts-sans-frontieres.ch\/verzeichnis\/?page_id=50"},"modified":"2024-08-16T07:37:40","modified_gmt":"2024-08-16T07:37:40","slug":"verein","status":"publish","type":"page","link":"https:\/\/arts-sans-frontieres.ch\/verzeichnis\/verein\/","title":{"rendered":"Verein"},"content":{"rendered":"<p>Der Verein Arts sans Fronti\u00e8res ist ein junger Verein bestehend aus Kunstschaffenden, Lehrpersonen und Menschen, welche im sozialen Bereich aktiv sind. Sie haben sich im Sommer 2017 zusammen getan, um mit Hilfe ihrer sich erg\u00e4nzenden F\u00e4higkeiten sich f\u00fcr ein besseres Verst\u00e4ndnis zwischen Kulturen und diversen Bev\u00f6lkerungsgruppen einzusetzen. Sie sind \u00fcberzeugt, dass diversen Formen der Kunst sich bestens eignen, um diese gesellschaftlich wichtigen Themen auf eine ganz besondere Art und Weise zu vermitteln, erlebbar zu machen oder darzustellen.<\/p>\n\n<div class=\"sp-wrap sp-wrap-steelblue\">\n<div class=\"sp-head\" title=\"Expand\">\nVorstand\n<\/div>\n<div class=\"sp-body folded\">\n<p><strong>Pr\u00e4sidentin:<\/strong> Lena B\u00e4ssler, hat Erziehungswissenschaft und Geschichte an der Universit\u00e4t Bern studiert. Sie ist Co-Leiterin des Quartiertreffpunkts Wettstein.<\/p>\n<p><strong>Vize-Pr\u00e4sidentin:<\/strong> No\u00ebmi Berger,\u00a0hat an der P\u00e4dagogischen Hochschule der Nordwestschweiz studiert und arbeitete mehrere Jahre als Lehrperson. Sie hat Theaterp\u00e4dagogik an der ZHdK studiert.<\/p>\n<p><strong>Kassier:<\/strong> Valentin Felber,\u00a0<span class=\"s1\">hat am Hyperwerk Basel Prozessgestaltung studiert und Co-Gesch\u00e4ftsleitung und Medienproduzent beim Recherche-Medium Reflekt. <\/span><\/p>\n<\/div>\n<\/div>\n\n\n<div class=\"sp-wrap sp-wrap-blue\">\n<div class=\"sp-head\" title=\"Expand\">\nMitarbeiter\/innen\n<\/div>\n<div class=\"sp-body folded\">\n<p><em>Theaterkurs-Leitende<\/em><strong>:<\/strong> <a href=\"https:\/\/www.ouelgo-tene.com\/\">T\u00e9n\u00e9 Ouelgo,<\/a>\u00a0ist freischaffender Schauspieler, Theater- und Musikp\u00e4dagoge und Musiker.<\/p>\n<p><em>Robert Baranowski<\/em>: ist freischaffender Schauspieler, Theaterp\u00e4dagoge und Fitness-Boxtrainer.<\/p>\n<p><em>Urbain\u00a0<\/em><span lang=\"FR\"><em>Guiguemd\u00e9<\/em>:\u00a0<\/span>ist freischaffender Schauspieler, Theaterp\u00e4dagoge, Musiker und G\u00e4rtner.<\/p>\n<p><strong>Projektleiter Forumtheater Zivilcourage und Rassismus:<\/strong> <a href=\"https:\/\/www.ouelgo-tene.com\/\"><em>T\u00e9n\u00e9 Ouelgo<\/em>,<\/a>\u00a0ist freischaffender Schauspieler, Theater- und Musikp\u00e4dagoge und Musiker. Sowohl in seinem Heimatland Burkina Faso wie auch in Europa hat er diverse Forumtheater durchgef\u00fchrt.<\/p>\n<\/div>\n<\/div>\n\n","protected":false},"excerpt":{"rendered":"<p>Der Verein Arts sans Fronti\u00e8res ist ein junger Verein bestehend aus Kunstschaffenden, Lehrpersonen und Menschen, welche im sozialen Bereich aktiv sind. Sie haben sich im Sommer 2017 zusammen getan, um mit Hilfe ihrer sich erg\u00e4nzenden F\u00e4higkeiten sich f\u00fcr ein besseres Verst\u00e4ndnis zwischen Kulturen und diversen Bev\u00f6lkerungsgruppen einzusetzen. Sie sind \u00fcberzeugt, dass diversen Formen der Kunst<\/p>\n","protected":false},"author":1,"featured_media":0,"parent":0,"menu_order":0,"comment_status":"closed","ping_status":"closed","template":"","meta":{"jetpack_post_was_ever_published":false,"footnotes":""},"class_list":["post-50","page","type-page","status-publish","hentry","no-featured-content"],"jetpack_sharing_enabled":true,"jetpack_shortlink":"https:\/\/wp.me\/P9JAz6-O","jetpack_likes_enabled":false,"jetpack-related-posts":[],"_links":{"self":[{"href":"https:\/\/arts-sans-frontieres.ch\/verzeichnis\/wp-json\/wp\/v2\/pages\/50","targetHints":{"allow":["GET"]}}],"collection":[{"href":"https:\/\/arts-sans-frontieres.ch\/verzeichnis\/wp-json\/wp\/v2\/pages"}],"about":[{"href":"https:\/\/arts-sans-frontieres.ch\/verzeichnis\/wp-json\/wp\/v2\/types\/page"}],"author":[{"embeddable":true,"href":"https:\/\/arts-sans-frontieres.ch\/verzeichnis\/wp-json\/wp\/v2\/users\/1"}],"replies":[{"embeddable":true,"href":"https:\/\/arts-sans-frontieres.ch\/verzeichnis\/wp-json\/wp\/v2\/comments?post=50"}],"version-history":[{"count":16,"href":"https:\/\/arts-sans-frontieres.ch\/verzeichnis\/wp-json\/wp\/v2\/pages\/50\/revisions"}],"predecessor-version":[{"id":720,"href":"https:\/\/arts-sans-frontieres.ch\/verzeichnis\/wp-json\/wp\/v2\/pages\/50\/revisions\/720"}],"wp:attachment":[{"href":"https:\/\/arts-sans-frontieres.ch\/verzeichnis\/wp-json\/wp\/v2\/media?parent=50"}],"curies":[{"name":"wp","href":"https:\/\/api.w.org\/{rel}","templated":true}]}}